{"id":209,"date":"2025-02-21T13:12:50","date_gmt":"2025-02-21T19:12:50","guid":{"rendered":"https:\/\/fudalidesign.com\/?page_id=209"},"modified":"2025-02-21T13:12:50","modified_gmt":"2025-02-21T19:12:50","slug":"niezbedne-dane","status":"publish","type":"page","link":"https:\/\/fudalidesign.com\/?page_id=209","title":{"rendered":"Niezb\u0119dne dane"},"content":{"rendered":"\n<h3 class=\"wp-block-heading\"><strong>Wymogi podatkowe<\/strong><\/h3>\n\n\n\n<ul class=\"wp-block-list\">\n<li>Fudali Design LLC pobiera <strong>Illinois Sales Tax<\/strong> zgodnie z obowi\u0105zuj\u0105cymi przepisami stanu Illinois. <\/li>\n\n\n\n<li>W przypadku zwolnienia z podatku sprzeda\u017cowego klient powinien dostarczy\u0107 odpowiednie dokumenty.<\/li>\n\n\n\n<li>Numer rejestracyjny podatku sprzeda\u017cowego (Sales Tax Permit) dost\u0119pny na \u017cyczenie.<\/li>\n<\/ul>\n\n\n\n<hr class=\"wp-block-separator has-alpha-channel-opacity\"\/>\n\n\n\n<h3 class=\"wp-block-heading\"><strong>Wymogi dotycz\u0105ce p\u0142atno\u015bci<\/strong><\/h3>\n\n\n\n<ul class=\"wp-block-list\">\n<li>Wszystkie transakcje w sklepie <strong>Fudali Design<\/strong> s\u0105 zabezpieczone certyfikatem <strong>SSL (https:\/\/)<\/strong> i zgodne ze standardami <strong>PCI DSS<\/strong> dla p\u0142atno\u015bci kart\u0105.<\/li>\n\n\n\n<li>Akceptujemy g\u0142\u00f3wne metody p\u0142atno\u015bci, w tym <strong>Visa, MasterCard, American Express, PayPal<\/strong>.<\/li>\n\n\n\n<li>Dane klient\u00f3w s\u0105 chronione zgodnie z nasz\u0105 <strong>Polityk\u0105 Prywatno\u015bci<\/strong> \u2013 nie przechowujemy informacji o kartach p\u0142atniczych, poniewa\u017c p\u0142atno\u015bci s\u0105 przetwarzane przez zewn\u0119trznych operator\u00f3w (np. PayPal).<\/li>\n<\/ul>\n\n\n\n<hr class=\"wp-block-separator has-alpha-channel-opacity\"\/>\n\n\n\n<h3 class=\"wp-block-heading\"><strong> Wymogi dotycz\u0105ce marketingu i cookies<\/strong><\/h3>\n\n\n\n<ul class=\"wp-block-list\">\n<li>Sklep <strong>Fudali Design<\/strong> wykorzystuje pliki cookies w celu poprawy dzia\u0142ania strony i analizy ruchu. U\u017cytkownicy mog\u0105 zarz\u0105dza\u0107 ustawieniami cookies w swojej przegl\u0105darce.<\/li>\n\n\n\n<li>Subskrypcja newslettera jest dobrowolna. Ka\u017cdy u\u017cytkownik mo\u017ce zrezygnowa\u0107 z otrzymywania e-maili marketingowych w dowolnym momencie, klikaj\u0105c link \u201eUnsubscribe\u201d w wiadomo\u015bci.<\/li>\n<\/ul>\n\n\n\n<hr class=\"wp-block-separator has-alpha-channel-opacity\"\/>\n\n\n\n<h3 class=\"wp-block-heading\"><strong>Wymogi specyficzne dla Illinois<\/strong><\/h3>\n\n\n\n<ul class=\"wp-block-list\">\n<li><strong>Illinois Biometric Information Privacy Act (BIPA):<\/strong> Nie zbieramy \u017cadnych danych biometrycznych, takich jak skan twarzy czy odciski palc\u00f3w.<\/li>\n\n\n\n<li><strong>Zwroty w przypadku sprzeda\u017cy poza sklepem internetowym:<\/strong> Prawo Illinois przewiduje dodatkowe uprawnienia w przypadku sprzeda\u017cy bezpo\u015bredniej (np. telefonicznej lub drzwiowej). Poniewa\u017c Fudali Design LLC prowadzi sprzeda\u017c wy\u0142\u0105cznie online, ten przepis nie ma zastosowania.<\/li>\n<\/ul>\n\n\n\n<hr class=\"wp-block-separator has-alpha-channel-opacity\"\/>\n","protected":false},"excerpt":{"rendered":"<p>Wymogi podatkowe Wymogi dotycz\u0105ce p\u0142atno\u015bci Wymogi dotycz\u0105ce marketingu i cookies Wymogi specyficzne dla Illinois<\/p>\n","protected":false},"author":1,"featured_media":0,"parent":0,"menu_order":0,"comment_status":"closed","ping_status":"closed","template":"","meta":{"site-sidebar-layout":"default","site-content-layout":"","ast-site-content-layout":"default","site-content-style":"default","site-sidebar-style":"default","ast-global-header-display":"","ast-banner-title-visibility":"","ast-main-header-display":"","ast-hfb-above-header-display":"","ast-hfb-below-header-display":"","ast-hfb-mobile-header-display":"","site-post-title":"","ast-breadcrumbs-content":"","ast-featured-img":"","footer-sml-layout":"","ast-disable-related-posts":"","theme-transparent-header-meta":"","adv-header-id-meta":"","stick-header-meta":"","header-above-stick-meta":"","header-main-stick-meta":"","header-below-stick-meta":"","astra-migrate-meta-layouts":"default","ast-page-background-enabled":"default","ast-page-background-meta":{"desktop":{"background-color":"var(--ast-global-color-5)","background-image":"","background-repeat":"repeat","background-position":"center center","background-size":"auto","background-attachment":"scroll","background-type":"","background-media":"","overlay-type":"","overlay-color":"","overlay-opacity":"","overlay-gradient":""},"tablet":{"background-color":"","background-image":"","background-repeat":"repeat","background-position":"center center","background-size":"auto","background-attachment":"scroll","background-type":"","background-media":"","overlay-type":"","overlay-color":"","overlay-opacity":"","overlay-gradient":""},"mobile":{"background-color":"","background-image":"","background-repeat":"repeat","background-position":"center center","background-size":"auto","background-attachment":"scroll","background-type":"","background-media":"","overlay-type":"","overlay-color":"","overlay-opacity":"","overlay-gradient":""}},"ast-content-background-meta":{"desktop":{"background-color":"var(--ast-global-color-4)","background-image":"","background-repeat":"repeat","background-position":"center center","background-size":"auto","background-attachment":"scroll","background-type":"","background-media":"","overlay-type":"","overlay-color":"","overlay-opacity":"","overlay-gradient":""},"tablet":{"background-color":"var(--ast-global-color-4)","background-image":"","background-repeat":"repeat","background-position":"center center","background-size":"auto","background-attachment":"scroll","background-type":"","background-media":"","overlay-type":"","overlay-color":"","overlay-opacity":"","overlay-gradient":""},"mobile":{"background-color":"var(--ast-global-color-4)","background-image":"","background-repeat":"repeat","background-position":"center center","background-size":"auto","background-attachment":"scroll","background-type":"","background-media":"","overlay-type":"","overlay-color":"","overlay-opacity":"","overlay-gradient":""}},"footnotes":""},"class_list":["post-209","page","type-page","status-publish","hentry"],"yoast_head":"<!-- This site is optimized with the Yoast SEO plugin v27.5 - https:\/\/yoast.com\/product\/yoast-seo-wordpress\/ -->\n<title>Niezb\u0119dne dane -<\/title>\n<meta name=\"robots\" content=\"index, follow, max-snippet:-1, max-image-preview:large, max-video-preview:-1\" \/>\n<link rel=\"canonical\" href=\"https:\/\/fudalidesign.com\/?page_id=209\" \/>\n<meta property=\"og:locale\" content=\"pl_PL\" \/>\n<meta property=\"og:type\" content=\"article\" \/>\n<meta property=\"og:title\" content=\"Niezb\u0119dne dane -\" \/>\n<meta property=\"og:description\" content=\"Wymogi podatkowe Wymogi dotycz\u0105ce p\u0142atno\u015bci Wymogi dotycz\u0105ce marketingu i cookies Wymogi specyficzne dla Illinois\" \/>\n<meta property=\"og:url\" content=\"https:\/\/fudalidesign.com\/?page_id=209\" \/>\n<meta property=\"article:publisher\" content=\"https:\/\/www.facebook.com\/fudalidesign\/?locale=pl_PL\" \/>\n<meta name=\"twitter:card\" content=\"summary_large_image\" \/>\n<meta name=\"twitter:label1\" content=\"Szacowany czas czytania\" \/>\n\t<meta name=\"twitter:data1\" content=\"1 minuta\" \/>\n<script type=\"application\/ld+json\" class=\"yoast-schema-graph\">{\"@context\":\"https:\\\/\\\/schema.org\",\"@graph\":[{\"@type\":\"WebPage\",\"@id\":\"https:\\\/\\\/fudalidesign.com\\\/?page_id=209\",\"url\":\"https:\\\/\\\/fudalidesign.com\\\/?page_id=209\",\"name\":\"Niezb\u0119dne dane -\",\"isPartOf\":{\"@id\":\"https:\\\/\\\/fudalidesign.com\\\/#website\"},\"datePublished\":\"2025-02-21T19:12:50+00:00\",\"breadcrumb\":{\"@id\":\"https:\\\/\\\/fudalidesign.com\\\/?page_id=209#breadcrumb\"},\"inLanguage\":\"pl-PL\",\"potentialAction\":[{\"@type\":\"ReadAction\",\"target\":[\"https:\\\/\\\/fudalidesign.com\\\/?page_id=209\"]}]},{\"@type\":\"BreadcrumbList\",\"@id\":\"https:\\\/\\\/fudalidesign.com\\\/?page_id=209#breadcrumb\",\"itemListElement\":[{\"@type\":\"ListItem\",\"position\":1,\"name\":\"Strona g\u0142\u00f3wna\",\"item\":\"https:\\\/\\\/fudalidesign.com\\\/\"},{\"@type\":\"ListItem\",\"position\":2,\"name\":\"Niezb\u0119dne dane\"}]},{\"@type\":\"WebSite\",\"@id\":\"https:\\\/\\\/fudalidesign.com\\\/#website\",\"url\":\"https:\\\/\\\/fudalidesign.com\\\/\",\"name\":\"Fudali Design\",\"description\":\"\",\"publisher\":{\"@id\":\"https:\\\/\\\/fudalidesign.com\\\/#organization\"},\"potentialAction\":[{\"@type\":\"SearchAction\",\"target\":{\"@type\":\"EntryPoint\",\"urlTemplate\":\"https:\\\/\\\/fudalidesign.com\\\/?s={search_term_string}\"},\"query-input\":{\"@type\":\"PropertyValueSpecification\",\"valueRequired\":true,\"valueName\":\"search_term_string\"}}],\"inLanguage\":\"pl-PL\"},{\"@type\":\"Organization\",\"@id\":\"https:\\\/\\\/fudalidesign.com\\\/#organization\",\"name\":\"Fudali Design\",\"url\":\"https:\\\/\\\/fudalidesign.com\\\/\",\"logo\":{\"@type\":\"ImageObject\",\"inLanguage\":\"pl-PL\",\"@id\":\"https:\\\/\\\/fudalidesign.com\\\/#\\\/schema\\\/logo\\\/image\\\/\",\"url\":\"https:\\\/\\\/fudalidesign.com\\\/wp-content\\\/uploads\\\/2025\\\/01\\\/cropped-8908b99a-e311-47d7-a2fa-4f322ee1a6bd.jpeg\",\"contentUrl\":\"https:\\\/\\\/fudalidesign.com\\\/wp-content\\\/uploads\\\/2025\\\/01\\\/cropped-8908b99a-e311-47d7-a2fa-4f322ee1a6bd.jpeg\",\"width\":2044,\"height\":837,\"caption\":\"Fudali Design\"},\"image\":{\"@id\":\"https:\\\/\\\/fudalidesign.com\\\/#\\\/schema\\\/logo\\\/image\\\/\"},\"sameAs\":[\"https:\\\/\\\/www.facebook.com\\\/fudalidesign\\\/?locale=pl_PL\",\"https:\\\/\\\/www.instagram.com\\\/violafudalidesign\\\/\",\"https:\\\/\\\/www.tiktok.com\\\/@fudalidesign?_r=1&_d=secCgYIASAHKAESPgo8AiXecSwqR5TsmtFtcq58qUHn3nZpLqTo8ptyIRWPNySVqaD44uLWQb1zxNPCg0OWRXdiqadBchd7uGgA&checksum=8c693a41349d8e127a77b8902d498eeac9254dc1cbf13b5c94e366817d5d7390&sec_uid=MS4wLjABAAAAHuUBoq63sISLlwX6eDF8mQOjurNXg-eknCNbc_yNhiKdv52hs8KyQei79oS_y4MJ&sec_user_id=MS4wLjABAAAAHuUBoq63sISLlwX6eDF8mQOjurNXg-eknCNbc_yNhiKdv52hs8KyQei79oS_y4MJ&share_app_id=1233&share_author_id=7007966127998272517&share_link_id=FD813E6E-89CC-4383-B229-5E5275A7DA20&sharer_language=pl&social_share_type=4&source=h5_m&timestamp=1739999377&tt_from=copy&u_code=dki14m17l5dc6e&ug_btm=b8727b0&user_id=7007966127998272517&utm_campaign=client_share&utm_medium=ios&utm_source=copy\"]}]}<\/script>\n<!-- \/ Yoast SEO plugin. -->","yoast_head_json":{"title":"Niezb\u0119dne dane -","robots":{"index":"index","follow":"follow","max-snippet":"max-snippet:-1","max-image-preview":"max-image-preview:large","max-video-preview":"max-video-preview:-1"},"canonical":"https:\/\/fudalidesign.com\/?page_id=209","og_locale":"pl_PL","og_type":"article","og_title":"Niezb\u0119dne dane -","og_description":"Wymogi podatkowe Wymogi dotycz\u0105ce p\u0142atno\u015bci Wymogi dotycz\u0105ce marketingu i cookies Wymogi specyficzne dla Illinois","og_url":"https:\/\/fudalidesign.com\/?page_id=209","article_publisher":"https:\/\/www.facebook.com\/fudalidesign\/?locale=pl_PL","twitter_card":"summary_large_image","twitter_misc":{"Szacowany czas czytania":"1 minuta"},"schema":{"@context":"https:\/\/schema.org","@graph":[{"@type":"WebPage","@id":"https:\/\/fudalidesign.com\/?page_id=209","url":"https:\/\/fudalidesign.com\/?page_id=209","name":"Niezb\u0119dne dane -","isPartOf":{"@id":"https:\/\/fudalidesign.com\/#website"},"datePublished":"2025-02-21T19:12:50+00:00","breadcrumb":{"@id":"https:\/\/fudalidesign.com\/?page_id=209#breadcrumb"},"inLanguage":"pl-PL","potentialAction":[{"@type":"ReadAction","target":["https:\/\/fudalidesign.com\/?page_id=209"]}]},{"@type":"BreadcrumbList","@id":"https:\/\/fudalidesign.com\/?page_id=209#breadcrumb","itemListElement":[{"@type":"ListItem","position":1,"name":"Strona g\u0142\u00f3wna","item":"https:\/\/fudalidesign.com\/"},{"@type":"ListItem","position":2,"name":"Niezb\u0119dne dane"}]},{"@type":"WebSite","@id":"https:\/\/fudalidesign.com\/#website","url":"https:\/\/fudalidesign.com\/","name":"Fudali Design","description":"","publisher":{"@id":"https:\/\/fudalidesign.com\/#organization"},"potentialAction":[{"@type":"SearchAction","target":{"@type":"EntryPoint","urlTemplate":"https:\/\/fudalidesign.com\/?s={search_term_string}"},"query-input":{"@type":"PropertyValueSpecification","valueRequired":true,"valueName":"search_term_string"}}],"inLanguage":"pl-PL"},{"@type":"Organization","@id":"https:\/\/fudalidesign.com\/#organization","name":"Fudali Design","url":"https:\/\/fudalidesign.com\/","logo":{"@type":"ImageObject","inLanguage":"pl-PL","@id":"https:\/\/fudalidesign.com\/#\/schema\/logo\/image\/","url":"https:\/\/fudalidesign.com\/wp-content\/uploads\/2025\/01\/cropped-8908b99a-e311-47d7-a2fa-4f322ee1a6bd.jpeg","contentUrl":"https:\/\/fudalidesign.com\/wp-content\/uploads\/2025\/01\/cropped-8908b99a-e311-47d7-a2fa-4f322ee1a6bd.jpeg","width":2044,"height":837,"caption":"Fudali Design"},"image":{"@id":"https:\/\/fudalidesign.com\/#\/schema\/logo\/image\/"},"sameAs":["https:\/\/www.facebook.com\/fudalidesign\/?locale=pl_PL","https:\/\/www.instagram.com\/violafudalidesign\/","https:\/\/www.tiktok.com\/@fudalidesign?_r=1&_d=secCgYIASAHKAESPgo8AiXecSwqR5TsmtFtcq58qUHn3nZpLqTo8ptyIRWPNySVqaD44uLWQb1zxNPCg0OWRXdiqadBchd7uGgA&checksum=8c693a41349d8e127a77b8902d498eeac9254dc1cbf13b5c94e366817d5d7390&sec_uid=MS4wLjABAAAAHuUBoq63sISLlwX6eDF8mQOjurNXg-eknCNbc_yNhiKdv52hs8KyQei79oS_y4MJ&sec_user_id=MS4wLjABAAAAHuUBoq63sISLlwX6eDF8mQOjurNXg-eknCNbc_yNhiKdv52hs8KyQei79oS_y4MJ&share_app_id=1233&share_author_id=7007966127998272517&share_link_id=FD813E6E-89CC-4383-B229-5E5275A7DA20&sharer_language=pl&social_share_type=4&source=h5_m&timestamp=1739999377&tt_from=copy&u_code=dki14m17l5dc6e&ug_btm=b8727b0&user_id=7007966127998272517&utm_campaign=client_share&utm_medium=ios&utm_source=copy"]}]}},"_links":{"self":[{"href":"https:\/\/fudalidesign.com\/index.php?rest_route=\/wp\/v2\/pages\/209","targetHints":{"allow":["GET"]}}],"collection":[{"href":"https:\/\/fudalidesign.com\/index.php?rest_route=\/wp\/v2\/pages"}],"about":[{"href":"https:\/\/fudalidesign.com\/index.php?rest_route=\/wp\/v2\/types\/page"}],"author":[{"embeddable":true,"href":"https:\/\/fudalidesign.com\/index.php?rest_route=\/wp\/v2\/users\/1"}],"replies":[{"embeddable":true,"href":"https:\/\/fudalidesign.com\/index.php?rest_route=%2Fwp%2Fv2%2Fcomments&post=209"}],"version-history":[{"count":1,"href":"https:\/\/fudalidesign.com\/index.php?rest_route=\/wp\/v2\/pages\/209\/revisions"}],"predecessor-version":[{"id":210,"href":"https:\/\/fudalidesign.com\/index.php?rest_route=\/wp\/v2\/pages\/209\/revisions\/210"}],"wp:attachment":[{"href":"https:\/\/fudalidesign.com\/index.php?rest_route=%2Fwp%2Fv2%2Fmedia&parent=209"}],"curies":[{"name":"wp","href":"https:\/\/api.w.org\/{rel}","templated":true}]}}